False
Is 269603 prime?
False
Is 254441 prime?
False
Is 457 a composite number?
False
Is 95971 a composite number?
False
Is 13591 a prime number?
True
Is 28499 a composite number?
False
Is 16267 a prime number?
True
Is 62791 prime?
True
Is 187963 a prime number?
True
Is 1184399 a composite number?
False
Is 40611 a prime number?
False
Is 7513 composite?
True
Is 436253 a composite number?
False
Is 331 a prime number?
True
Is 822277 a composite number?
False
Is 1399513 composite?
False
Is 105511 composite?
True
Is 463723 a prime number?
False
Is 457139 a composite number?
False
Is 13343 composite?
True
Is 11499 prime?
False
Is 1399 composite?
False
Is 1326569 prime?
False
Is 5330557 a composite number?
False
Is 8053 a composite number?
False
Is 1711 composite?
True
Is 196361 composite?
True
Is 46891 composite?
True
Is 1337 prime?
False
Is 91121 a prime number?
True
Is 86585 prime?
False
Is 1580171 prime?
True
Is 597 prime?
False
Is 100693 a prime number?
True
Is 65891 composite?
True
Is 77915 a prime number?
False
Is 4091 composite?
False
Is 387839 a composite number?
False
Is 4103 composite?
True
Is 36467 a composite number?
False
Is 20771 composite?
False
Is 113557 prime?
True
Is 3697 a composite number?
False
Is 1666991 a composite number?
False
Is 447623 prime?
False
Is 19541 prime?
True
Is 592099 prime?
True
Is 792769 prime?
True
Is 15659 composite?
True
Is 562019 a prime number?
True
Is 10577 prime?
False
Is 131837 prime?
True
Is 105667 a prime number?
True
Is 32603 a composite number?
False
Is 58541 a prime number?
False
Is 8681 a composite number?
False
Is 377051 composite?
False
Is 50989 prime?
True
Is 6841 a prime number?
True
Is 10407 prime?
False
Is 30491 prime?
True
Is 195554 composite?
True
Is 49886 a composite number?
True
Is 474949 a prime number?
True
Is 10193 a prime number?
True
Is 6007 composite?
False
Is 30089 composite?
False
Is 210187 a composite number?
False
Is 193423 a prime number?
True
Is 10687 prime?
True
Is 98167 prime?
False
Is 8609 a prime number?
True
Is 85159 a prime number?
True
Is 5609341 a prime number?
True
Is 2003293 prime?
False
Is 4535 a composite number?
True
Is 34649 a prime number?
True
Is 1602241 composite?
False
Is 117427 a composite number?
False
Is 47665 a composite number?
True
Is 82 composite?
True
Is 3011 prime?
True
Is 39801 prime?
False
Is 99961 a prime number?
True
Is 44686 a prime number?
False
Is 223151 a prime number?
True
Is 765169 prime?
True
Is 9997 composite?
True
Is 43853 prime?
True
Is 15073 a composite number?
False
Is 22199 prime?
False
Is 5099 composite?
False
Is 16237 composite?
True
Is 31285 composite?
True
Is 156785 a composite number?
True
Is 265193 composite?
False
Is 132281 composite?
True
Is 787 a composite number?
False
Is 244271 a prime number?
False
Is 558643 a prime number?
True
Is 1431219 a composite number?
True
Is 2203 a composite number?
False
Is 1531 composite?
False
Is 1957 prime?
False
Is 328945 composite?
True
Is 388163 a prime number?
True
Is 301209 a composite number?
True
Is 491219 a composite number?
False
Is 9655 a composite number?
True
Is 178393 a composite number?
False
Is 69959 prime?
True
Is 4677293 a composite number?
True
Is 480651 a composite number?
True
Is 9461 composite?
False
Is 758 a prime number?
False
Is 330397 composite?
True
Is 797 a composite number?
False
Is 16199 a composite number?
True
Is 7481 composite?
False
Is 1693 a composite number?
False
Is 114713 composite?
False
Is 5255047 a composite number?
True
Is 11887 composite?
False
Is 168117 a prime number?
False
Is 3010583 a composite number?
False
Is 645859 composite?
True
Is 22303 composite?
False
Is 13 a prime number?
True
Is 14969 a prime number?
True
Is 7355 prime?
False
Is 254413 a composite number?
False
Is 2305 composite?
True
Is 50047 prime?
True
Is 21211 composite?
False
Is 47191 a composite number?
True
Is 9049 a prime number?
True
Is 2099 a composite number?
False
Is 787 a prime number?
True
Is 7303 a prime number?
False
Is 659917 a composite number?
False
Is 939215 a composite number?
True
Is 4613 a prime number?
False
Is 14221 a composite number?
False
Is 1082 a prime number?
False
Is 126523 a composite number?
True
Is 17863 a composite number?
False
Is 3155 a prime number?
False
Is 3761 a composite number?
False
Is 1399 composite?
False
Is 37619 prime?
True
Is 168239 composite?
True
Is 86047 composite?
True
Is 97213 a composite number?
False
Is 12853 prime?
True
Is 12893 a composite number?
False
Is 509023 a composite number?
False
Is 781441 composite?
True
Is 16613 prime?
False
Is 8819 a composite number?
False
Is 1042 a composite number?
True
Is 30677 a composite number?
False
Is 142949 a composite number?
False
Is 673 composite?
False
Is 518309 composite?
True
Is 78703 a prime number?
False
Is 673871 a composite number?
True
Is 146435 composite?
True
Is 1711 a composite number?
True
Is 102293 a composite number?
False
Is 1002049 a composite number?
False
Is 42109 a prime number?
False
Is 843859 a composite number?
True
Is 18947 a prime number?
True
Is 1452461 a composite number?
False
Is 27011 a prime number?
True
Is 6060031 prime?
False
Is 4559 composite?
True
Is 2149 a composite number?
True
Is 1200533 prime?
False
Is 1847 a composite number?
False
Is 290939 composite?
True
Is 356803 prime?
True
Is 105211 a prime number?
True
Is 223189 a composite number?
True
Is 56293 prime?
False
Is 148991 a prime number?
True
Is 14351 prime?
False
Is 84433 a prime number?
False
Is 160499 composite?
False
Is 884293 a prime number?
True
Is 20395 prime?
False
Is 52529 a composite number?
False
Is 43509 prime?
False
Is 3671 composite?
False
Is 1214827 composite?
False
Is 186947 composite?
False
Is 361463 composite?
False
Is 2333 a composite number?
False
Is 121627 a composite number?
True
Is 8051 composite?
True
Is 20073 composite?
True
Is 112967 prime?
True
Is 33206 a prime number?
False
Is 46783 prime?
False
Is 29663 a prime number?
True
Is 429883 prime?
False
Is 492937 a prime number?
False
Is 22621 composite?
False
Is 3031 composite?
True
Is 5919 composite?
True
Is 1973 a composite number?
False
Is 318497 a composite number?
True
Is 15569 prime?
True
Is 68993 composite?
False
Is 578969 a prime number?
False
Is 24989 composite?
False
Is 21453 prime?
False
Is 47041 a prime number?
True
Is 1328051 a composite number?
False
Is 130513 prime?
True
Is 16429 a composite number?
True
Is 69 a composite number?
True
Is 296909 a composite number?
False
Is 20953 a prime number?
False
Is 125471 prime?
True
Is 307721 composite?
True
Is 24611 a composite number?
False
Is 2081 prime?
True
Is 67117 a prime number?
False
Is 28261 a composite number?
True
Is 10519 prime?
False
Is 55661 a composite number?
False
Is 84053 prime?
True
Is 20477 prime?
True
Is 145661 a composite number?
False
Is 4847 composite?
True
Is 8963 a composite number?
False
Is 1352987 a composite number?
False
Is 336367 a prime number?
False
Is 27551 a prime number?
True
Is 6389 composite?
False
Is 3683 composite?
True
Is 95431 a composite number?
True
Is 743467 prime?
False
Is 1082 a prime number?
False
Is 97697 a prime number?
False
Is 100307 a composite number?
True
Is 7003 composite?
True
Is 431 prime?
True
Is 2921 a composite number?
True
Is 4369 a composite number?
True
Is 4439 composite?
True
Is 491 prime?
True
Is 387227 a composite number?
False
Is 19235 composite?
True
Is 32749 composite?
False
Is 263 prime?
True
Is 156274 composite?
True
Is 247013 composite?
True
Is 109507 a composite number?
False
Is 278969 prime?
False
Is 5905 prime?
False
Is 67582 a composite number?
True
Is 5077 a prime number?
True
Is 247699 a prime number?
False
Is 6117 a prime number?
False
Is 89593 composite?
True
Is 4703 a composite number?
False
Is 289889 composite?
False
Is 39953 prime?
True
Is 5951 composite?
True
Is 600087 composite?
True
Is 1461 a composite number?
True
Is 160453 a composite number?
False
Is 24119 prime?
False
Is 753 a composite number?
True
Is 10261 a composite number?
True
Is 155297 a prime number?
False
Is 7411 prime?
True
Is 1259 a prime number?
True
Is 11541 prime?
False
Is 4871 a prime number?
True
Is 1361 a prime number?
True
Is 1302911 a prime number?
True
Is 1221193 a composite number?
False
Is 54217 composite